{"id":2230,"date":"2019-06-06T17:12:10","date_gmt":"2019-06-06T22:12:10","guid":{"rendered":"https:\/\/bbtlatino.org\/bbt_ot\/?page_id=2230"},"modified":"2020-07-24T11:41:25","modified_gmt":"2020-07-24T16:41:25","slug":"acerca-de-2","status":"publish","type":"page","link":"https:\/\/bbtlatino.org\/bbt_ot\/acerca-de-2\/","title":{"rendered":"Nosotros"},"content":{"rendered":"\t\t<div data-elementor-type=\"wp-post\" data-elementor-id=\"2230\" class=\"elementor elementor-2230\">\n\t\t\t\t\t\t<section class=\"elementor-section elementor-top-section elementor-element elementor-element-bb66468 elementor-section-boxed elementor-section-height-default elementor-section-height-default\" data-id=\"bb66468\" data-element_type=\"section\">\n\t\t\t\t\t\t<div class=\"elementor-container elementor-column-gap-default\">\n\t\t\t\t\t<div class=\"elementor-column elementor-col-33 elementor-top-column elementor-element elementor-element-cdce395\" data-id=\"cdce395\" data-element_type=\"column\">\n\t\t\t<div class=\"elementor-widget-wrap elementor-element-populated\">\n\t\t\t\t\t\t<div class=\"elementor-element elementor-element-1c45bd3 elementor-widget elementor-widget-image\" data-id=\"1c45bd3\" data-element_type=\"widget\" data-widget_type=\"image.default\">\n\t\t\t\t<div class=\"elementor-widget-container\">\n\t\t\t\t\t\t\t\t\t\t\t\t\t<img fetchpriority=\"high\" decoding=\"async\" width=\"438\" height=\"377\" src=\"https:\/\/bbtlatino.org\/bbt_ot\/wp-content\/uploads\/2019\/05\/logoinst.jpg\" class=\"attachment-large size-large wp-image-2058\" alt srcset=\"https:\/\/bbtlatino.org\/bbt_ot\/wp-content\/uploads\/2019\/05\/logoinst.jpg 438w, https:\/\/bbtlatino.org\/bbt_ot\/wp-content\/uploads\/2019\/05\/logoinst-300x258.jpg 300w, https:\/\/bbtlatino.org\/bbt_ot\/wp-content\/uploads\/2019\/05\/logoinst-50x43.jpg 50w\" sizes=\"(max-width: 438px) 100vw, 438px\">\t\t\t\t\t\t\t\t\t\t\t\t\t<\/div>\n\t\t\t\t<\/div>\n\t\t\t\t\t<\/div>\n\t\t<\/div>\n\t\t\t\t<div class=\"elementor-column elementor-col-66 elementor-top-column elementor-element elementor-element-ba5e17d\" data-id=\"ba5e17d\" data-element_type=\"column\">\n\t\t\t<div class=\"elementor-widget-wrap elementor-element-populated\">\n\t\t\t\t\t\t<div class=\"elementor-element elementor-element-138aae9 elementor-widget elementor-widget-text-editor\" data-id=\"138aae9\" data-element_type=\"widget\" data-widget_type=\"text-editor.default\">\n\t\t\t\t<div class=\"elementor-widget-container\">\n\t\t\t\t\t\t\t<p><span lang=\"es-419\">The&nbsp;<\/span><span lang=\"ES\">Bha\u00adkti\u00adve\u00addan\u00adta Book Trust (<span class=\"caps\">BBT<\/span>), fun\u00adda\u00addo en 1972 por Su Divi\u00adna Gra\u00adcia A.C. Bha\u00adkti\u00adve\u00addan\u00adta Swa\u00admi Pra\u00adb\u00adhup\u0101\u00adda, es la may\u00ador empre\u00adsa mun\u00addi\u00adal edi\u00adto\u00adra dedi\u00adca\u00adda a la publi\u00adca\u00adci\u00f3n de tex\u00adtos cl\u00e1\u00adsi\u00adcos <i>vai\u1e63\u1e47a\u00advas<\/i>, rela\u00adtos \u00e9pi\u00adcos y obras con\u00adtem\u00adpor\u00e1\u00adne\u00adas sobre la filo\u00adso\u00adf\u00eda, teo\u00adlo\u00adg\u00eda y cul\u00adtu\u00adra del <\/span><i><span lang=\"es-419\">b<\/span><\/i><i><span lang=\"ES\">hakti<\/span><\/i><i><span lang=\"es-419\">-<\/span><\/i><i><span lang=\"ES\">yoga<\/span><\/i><span lang=\"ES\">. <\/span><span lang=\"es-419\">The Bha\u00adkti\u00adve\u00addan\u00adta Book Trust&nbsp;<\/span><span lang=\"ES\">hace espe\u00adci\u00adal hin\u00adca\u00adpi\u00e9 en las obras de la tra\u00addi\u00adci\u00f3n <i>vai\u1e63\u1e47a\u00adva gau\u1e0d\u012by\u0101.<\/i><\/span><\/p>\n<p><span lang=\"ES\">Entre sus publi\u00adca\u00adci\u00ado\u00adnes se encu\u00aden\u00adtran obras ori\u00adgi\u00adna\u00adles de las <\/span><span lang=\"es-419\">E<\/span><span lang=\"ES\">scri\u00adtu\u00adras v\u00e9di\u00adcas, tra\u00addu\u00adci\u00addas a 80 idi\u00ado\u00admas, as\u00ed como libros que deba\u00adten y expli\u00adcan dichos tex\u00adtos tra\u00addi\u00adci\u00ado\u00adna\u00adles. <\/span><span lang=\"es-419\">T<\/span><span lang=\"ES\">ambi\u00e9n publi\u00adca <\/span><span lang=\"es-419\">mate\u00adri\u00adal en&nbsp;<\/span><span lang=\"ES\">audio, vi<\/span><span lang=\"es-419\">deo&nbsp;<\/span><span lang=\"ES\">y pre\u00adsen\u00adta\u00adci\u00ado\u00adnes multimedia.<\/span><\/p>\n<p><span lang=\"ES\">Las obras que publi\u00adca abar\u00adcan una amplia gama: des\u00adde&nbsp;<\/span><span lang=\"es-419\">libros&nbsp;<\/span><span lang=\"ES\">peque\u00f1o<\/span><span lang=\"es-419\">s <\/span><span lang=\"ES\">intro\u00adduc\u00adto\u00adrio<\/span><span lang=\"es-419\">s<\/span><span lang=\"ES\">, gu\u00edas <\/span><span lang=\"es-419\">de&nbsp;<\/span><span lang=\"ES\">estu\u00addio, <\/span><span lang=\"es-419\">inves\u00adti\u00adga\u00adci\u00ado\u00adnes&nbsp;<\/span><span lang=\"ES\">resu\u00admi\u00addas y obras cor\u00adtas en s\u00e1n\u00adscri\u00adto, has\u00adta tra\u00adduc\u00adci\u00ado\u00adnes exhaus\u00adti\u00advas que lle\u00adnan vari\u00ados vol\u00fa\u00adme\u00adnes (con comen\u00adta\u00adrio<\/span><span lang=\"es-419\">s<\/span><span lang=\"ES\">) de las obras m\u00e1s impor\u00adtan\u00adtes de los idi\u00ado\u00admas s\u00e1n\u00adscri\u00adto y bengal\u00ed.<\/span><\/p>\n<p><span lang=\"es-419\">The Bha\u00adkti\u00adve\u00addan\u00adta Book Trust&nbsp;<\/span><span lang=\"ES\">ha publi\u00adca\u00addo el <i>Bha\u00adga\u00advad-g\u012bt\u0101,&nbsp;<\/i><\/span><i><\/i><i><span lang=\"ES\">\u015ar\u012b\u00admad-Bh\u0101\u00adga\u00adva\u00adtam, \u015ar\u012b \u012a\u015bo\u00adpa\u00adni\u1e63ad, N\u0101ra\u00adda-bha\u00adkti-s\u016btra&nbsp;<\/span><\/i><span lang=\"ES\">y (den\u00adtro de la tra\u00addi\u00adci\u00f3n devo\u00adci\u00ado\u00adnal <i>gau\u1e0d\u012by\u0101<\/i>) el&nbsp;<\/span><i><\/i><i><span lang=\"ES\">\u015ar\u012b Cai\u00adta\u00adnya-cari\u00adt\u0101m\u1e5bta<\/span><\/i><span lang=\"ES\">. Su \u00falti\u00adma publi\u00adca\u00adci\u00f3n en vari\u00ados vol\u00fa\u00adme\u00adnes ofre\u00adce la tra\u00adduc\u00adci\u00f3n al ingl\u00e9s, con comen\u00adta\u00adri\u00ados, de la obra de \u015ar\u012bla San\u0101ta\u00adna Goswa\u00admi:&nbsp;<\/span><i><span lang=\"ES\">B\u1e5bhad-bh\u0101\u00adga\u00adva\u00adt\u0101m\u1e5bta<\/span><\/i><span lang=\"ES\">. Nues\u00adtro gru\u00adpo edi\u00adtor incluye la revis\u00adta Back to God\u00adhe\u00adad, los Archi\u00advos Bha\u00adkti\u00adve\u00addan\u00adta, Proy\u00adec\u00adtos espe\u00adci\u00ada\u00adles, Krishna.com y Fri\u00aden\u00adds of the <span class=\"caps\">BBT<\/span> (Ami\u00adgos del&nbsp;<span class=\"caps\">BBT<\/span>).<\/span><\/p>\t\t\t\t\t\t<\/div>\n\t\t\t\t<\/div>\n\t\t\t\t\t<\/div>\n\t\t<\/div>\n\t\t\t\t\t<\/div>\n\t\t<\/section>\n\t\t\t\t<\/div>\n\t\t","protected":false},"excerpt":{"rendered":"<p>The&nbsp;Bha\u00adkti\u00adve\u00addan\u00adta Book Trust (<span class=\"caps\">BBT<\/span>), fun\u00adda\u00addo en 1972 por Su Divi\u00adna Gra\u00adcia A.C. Bha\u00adkti\u00adve\u00addan\u00adta Swa\u00admi Pra\u00adb\u00adhup\u0101\u00adda, es la may\u00ador empre\u00adsa mun\u00addi\u00adal edi\u00adto\u00adra dedi\u00adca\u00adda a la publi\u00adca\u00adci\u00f3n de tex\u00adtos cl\u00e1\u00adsi\u00adcos vai\u1e63\u1e47a\u00advas, rela\u00adtos \u00e9pi\u00adcos y obras con\u00adtem\u00adpor\u00e1\u00adne\u00adas sobre la filo\u00adso\u00adf\u00eda, teo\u00adlo\u00adg\u00eda y cul\u00adtu\u00adra del bha\u00adkti-yoga. The Bha\u00adkti\u00adve\u00addan\u00adta Book Trust&nbsp;hace espe\u00adci\u00adal hin\u00adca\u00adpi\u00e9 en las obras de la tra\u00addi\u00adci\u00f3n vai\u1e63\u1e47a\u00adva\u2026&nbsp;<a href=\"https:\/\/bbtlatino.org\/bbt_ot\/acerca-de-2\/\" class rel=\"bookmark\">Leer m\u00e1s \u00bb<span class=\"screen-reader-text\">Noso\u00adtros<\/span><\/a><\/p>\n","protected":false},"author":1,"featured_media":0,"parent":0,"menu_order":2,"comment_status":"closed","ping_status":"closed","template":"","meta":{"wp_typography_post_enhancements_disabled":false,"neve_meta_sidebar":"","neve_meta_container":"","neve_meta_enable_content_width":"","neve_meta_content_width":70,"neve_meta_title_alignment":"","neve_meta_author_avatar":"","neve_post_elements_order":"","neve_meta_disable_header":"","neve_meta_disable_footer":"","neve_meta_disable_title":""},"aioseo_notices":[],"_links":{"self":[{"href":"https:\/\/bbtlatino.org\/bbt_ot\/wp-json\/wp\/v2\/pages\/2230"}],"collection":[{"href":"https:\/\/bbtlatino.org\/bbt_ot\/wp-json\/wp\/v2\/pages"}],"about":[{"href":"https:\/\/bbtlatino.org\/bbt_ot\/wp-json\/wp\/v2\/types\/page"}],"author":[{"embeddable":true,"href":"https:\/\/bbtlatino.org\/bbt_ot\/wp-json\/wp\/v2\/users\/1"}],"replies":[{"embeddable":true,"href":"https:\/\/bbtlatino.org\/bbt_ot\/wp-json\/wp\/v2\/comments?post=2230"}],"version-history":[{"count":0,"href":"https:\/\/bbtlatino.org\/bbt_ot\/wp-json\/wp\/v2\/pages\/2230\/revisions"}],"wp:attachment":[{"href":"https:\/\/bbtlatino.org\/bbt_ot\/wp-json\/wp\/v2\/media?parent=2230"}],"curies":[{"name":"wp","href":"https:\/\/api.w.org\/{rel}","templated":true}]}}